 a is divided by 19.
17
What is the remainder when -3*((-120)/9)/1 is divided by 11?
7
Suppose 2*h - 42 = -4*w, 7 = 3*w - 3*h - 2. What is the remainder when 4 is divided by -4*(-2)/w*2?
0
Let c = -21 - -33. Let l be ((-12)/7)/((-2)/14). Calculate the remainder when (55/15)/(2/l) is divided by c.
10
Let w be 425/3 + 4/(-6). Let g = -28 - -32. Suppose r + 34 = 2*y + 81, -g*y + w = 3*r. What is the remainder when r is divided by 12?
11
Let i(b) = b**3 - 4*b**2 + 3*b - 2. Calculate the remainder when 18 is divided by i(4).
8
Let f = -7 - -10. Suppose 6 = f*a - 72. Calculate the remainder when a is divided by 9.
8
Let v(g) = -4*g**2 + g + 88. What is the remainder when v(0) is divided by 32?
24
Suppose 5*a + 2*x - 32 = 0, 0 = -4*a + 9*a + 4*x - 24. Calculate the remainder when 14 is divided by (3 - 6/3)*a.
6
Suppose 4*g + 2*g = 84. Let p(w) = w**2 - 2*w - 8. Calculate the remainder when p(-5) is divided by g.
13
Suppose 5 + 55 = 2*t. What is the remainder when t is divided by 16?
14
Let s(h) be the first derivative of h**2/2 - 3*h - 5. Calculate the remainder when 18 is divided by s(13).
8
Let g(v) = -v**3 - 10*v**2 - v + 11. Let q be (-35)/(-15) + (-1)/3. Let h be 176/(-18) - q/9. Calculate the remainder when 62 is divided by g(h).
20
Let k(r) = -r**3 - 3*r**2 + 4*r + 3. Let j = 5 + -16. Let q(a) = -3*a - 26. Calculate the remainder when q(j) is divided by k(-4).
1
Let r = -82 + 100. What is the remainder when r is divided by 7?
4
Suppose 5*a = n + 57, 4*a - 54 = 7*n - 2*n. What is the remainder when (1/2)/(a/902) is divided by 21?
20
Let r = -4 - -28. Suppose -2*o = -0*o + r. Let t = o - -23. Calculate the remainder when 20 is divided by t.
9
Suppose 38 + 6 = 2*v. Calculate the remainder when v is divided by 12.
10
Let o = 12 + -8. What is the remainder when (-6)/15 + 264/10 is divided by o*(1 - 5/(-2))?
12
Suppose 5*h - 3*h + 14 = 2*i, -3*i = -5*h - 15. Calculate the remainder when 17 is divided by i.
7
Suppose -q + 1 + 10 = 0. Let h(u) = -u**3 + 7*u**2 - 4*u - 6. Let n be 1/((-3)/(36/(-2))). What is the remainder when q is divided by h(n)?
5
Let r = 10 + -4. What is the remainder when 15 is divided by r?
3
Let n(h) = 2*h - 8*h + 7 - 3*h + 0*h. Suppose -4*j + 9 + 39 = 0. What is the remainder when n(-3) is divided by j?
10
Let c(l) = 30*l**3 - l**2 - l + 1. What is the remainder when 85 is divided by c(1)?
27
Let y(k) = -18*k + 4. What is the remainder when y(-3) is divided by (-45)/12*32/(-8)?
13
Suppose -9*f + 10*f - 22 = 0. What is the remainder when 63 is divided by f?
19
Suppose 0 = -0*r - 2*r + 34. Suppose 0 = 5*o + 5*w + 120, -4*o + 2*w = -18 + 84. Let s = -13 - o. Calculate the remainder when r is divided by s.
5
Let r(b) = b**2 - 10*b - 12. Let y(v) = 6*v + 1. Suppose 0 = -f - k - 2, -4*f + k = -2*k - 13. Calculate the remainder when r(12) is divided by y(f).
5
What is the remainder when ((-2)/5)/((-7)/315) is divided by 11?
7
Let f(v) = 7*v**3 + 2*v**2 - v. Calculate the remainder when f(1) is divided by 1 + (-1 - -2) - -1.
2
Let k(s) = -s + 25. What is the remainder when 98 is divided by k(-8)?
32
What is the remainder when 1 is divided by (-1 + 0)*1*(-2 + 1)?
0
Let h(m) = -m**3 - m**2 + 27. Let w(x) = -10*x - 3. Calculate the remainder when h(0) is divided by w(-1).
6
Let f(h) be the third derivative of -h**6/120 + h**5/10 + 5*h**4/12 - 4*h**3/3 + 5*h**2. Calculate the remainder when 49 is divided by f(7).
10
What is the remainder when (20 + -26)/(3/(-5)) is divided by 6?
4
Let j(w) = 5*w + 77. Suppose 4*s - 6 = 370. Calculate the remainder when s is divided by j(-9).
30
Let s be (-102)/(-4)*(-3 + 5). Suppose 3*o - s = -4*l, 27 = 3*l + 5*o - 14. Calculate the remainder when 35 is divided by l.
11
Let g(h) = 2*h - 15. What is the remainder when 47 is divided by g(16)?
13
Suppose 0 = -3*m + 3, 0 = -2*p - p + 3*m + 15. Calculate the remainder when p is divided by 5.
1
Let k(b) = -5*b - 5 + 5 - 1 + 15*b. Calculate the remainder when 33 is divided by k(1).
6
Suppose -2*a + 4*a = 2. Suppose 0 = n + a. Let m(d) = -6*d**3 + 2*d + 1. What is the remainder when 14 is divided by m(n)?
4
Let l = -9 - -49. Let a(s) = -s**2 + s + 1. Let v be a(0). What is the remainder when l is divided by 19*1 + v + 1?
19
Let v = -85 + 105. Calculate the remainder when 111 is divided by v.
11
Let b = 28 - 20. Suppose -2*c - 50 = -4*p, 4*p = -3*c + 2*c + 65. What is the remainder when p is divided by b?
7
Let f = -353 - -243. What is the remainder when 1/1*f/(-2) is divided by 19?
17
Suppose -33 = 3*x - 8*x - 3*o, -1 = -o. What is the remainder when 98 is divided by x + 20 - (0 - -1)?
23
Let b = 11 - -5. What is the remainder when 57 is divided by b?
9
What is the remainder when ((-5)/(-2) - 3)*-94 is divided by 12?
11
Let b be (-7)/(15/6 + -3). Suppose 4*q = 3*d + b - 55, -15 = -d + 2*q. What is the remainder when 31 is divided by d?
9
Suppose 4 = -3*m + 4*m. Suppose -5*z - m*y + 147 = -288, -174 = -2*z - 2*y. Calculate the remainder when z is divided by 22.
21
Suppose -2*l - 16 = -6*l. Suppose l*j - 22 = -5*a + 2*j, -4*a + 5*j = -11. Calculate the remainder when a is divided by 3.
1
What is the remainder when 83 is divided by (-21)/(-2)*(-4 + (-60)/(-9))?
27
Let p(g) be the first derivative of 23*g**3 - g**2/2 - g - 2. Let o be p(-1). Suppose 0 = -5*y + o + 56. What is the remainder when y is divided by 9?
7
Let m(i) = i**2 - 30*i - 19. Calculate the remainder when 69 is divided by m(31).
9
Suppose 0 = 2*p + 2 - 0, 0 = -t - 3*p + 1. Suppose -t*v + 44 + 44 = 0. What is the remainder when v is divided by 12?
10
Let u(z) = 8*z - 2. What is the remainder when u(2) is divided by 2/12*-2*-12?
2
Let a(j) = j + 3. Let u be 3*4/(-6) - -2. Let y be a(u). Suppose -y*x = 3*i - i - 89, 0 = 5*x - 5. What is the remainder when i is divided by 15?
13
Suppose 81 = 4*y - 11. Let k = 41 - y. Suppose -4*p = 3*c - 6 - 20, 0 = 4*p + 4. What is the remainder when k is divided by c?
8
Let q(a) = -a. Let w be q(3). Calculate the remainder when -3 + 1 + 33 - w is divided by 9.
7
Suppose 0 = -4*m + 3*o + 375, -4*m + o + 370 = 3*o. What is the remainder when m is divided by 32?
29
Suppose -12 - 8 = 5*j. Let p = 3 - -12. What is the remainder when p is divided by (-504)/(-81) - j/(-18)?
3
Let p = -8 + 11. Let y(s) = -s**2 - s**p - 3 + 2*s**3 + 0*s**2 + 10. Calculate the remainder when y(0) is divided by 3.
1
Suppose -2*m + 19 = -5*t, -4 - 3 = 4*m + 5*t. Suppose -m*l - 318 = -5*p - 87, -5*p - l + 222 = 0. What is the remainder when p is divided by 12?
9
Let n = 65 - 54. Calculate the remainder when 20 is divided by n.
9
Suppose 2*q + 3*q - 55 = 0. What is the remainder when 20 is divided by q?
9
Let k = 29 - 49. Let q(o) = 4*o**2 + 2*o + 3. Let h be q(-3). Let l = h + k. Calculate the remainder when 36 is divided by l.
10
Let z = -11 + 18. Let n(c) = 2*c - 2. What is the remainder when 35 is divided by n(z)?
11
Let f = -15 - -7. Let k = f + 8. Suppose 5*z = -k*z + 10. What is the remainder when 6 is divided by z?
0
Suppose 4 = -f, -4*b = -6*f + f - 120. Suppose n - 1 = -2*d - 3, 5*n - 5*d = 35. Suppose -42 = -n*a + 14. Calculate the remainder when b is divided by a.
11
Let v be (-2)/2 + 1 + 4. Suppose 0 = -2*b + v*b - 88. Suppose -4*m + 5*x + 80 = 10*x, -2*m - 5*x + 50 = 0. What is the remainder when b is divided by m?
14
Suppose 5*u = -y + 58, u - 5 = y + y. What is the remainder when 20 is divided by u?
9
Let j(p) = 3*p**3 + 2*p**2 + 1. Let d be j(2). Suppose 5*t = 2*a + 6 + 1, -2*a + d = 3*t. Suppose -2*x + a = x. What is the remainder when 5 is divided by x?
2
Let q(n) = 2*n - 5. Let x be ((-1)/2)/((-2)/28). What is the remainder when 26 is divided by q(x)?
8
Suppose 2*f + 5*c = -0*c + 15, -3*f - 15 = -5*c. Suppose -2*t - 3*t + 55 = f. What is the remainder when 20/25*(27 - 2) is divided by t?
9
What is the remainder when ((-16)/(-6))/(-8)*(0 - 183) is divided by 21?
19
Suppose u + 2*u = 3*t + 75, -2*u - 2*t = -54. Calculate the remainder when 72 is divided by u.
20
Let b(n) = -n - 1. Let i(w) = -6*w + 6. Let x(z) = -5*b(z) + i(z). Calculate the remainder when x(0) is divided by 4.
3
Let r = -63 + 114. Suppose 5*v = 2*v + r. Calculate the remainder when 33 is divided by v.
16
Let q(t) = -t + 1. Let f be q(1). Let h = 2 - f. Calculate the remainder when (1 + 4)/(-4*(-1)/4) is divide